t t(o) = -2*o**2 - 5*o + 7. Let h(i) = 9*b(i) - 4*t(i). Suppose -5*u - 65 = -5*k, -6*u - 2*k = -4*u + 6. Give h(u).
0
Let x(a) = 2*a - 3*a**2 - 7*a**3 + 6*a**3 - 1 - 1. What is x(-3)?
-8
Let m(c) = -c**2 + 7*c - 8. Let u(v) = -v - 16. Let j be u(-22). Calculate m(j).
-2
Let j(i) = i**3 + 3*i**2 + 2*i - 18. Let c(o) = -o**2 - o + 1. Let b(v) = -3*c(v) - j(v). Give b(0).
15
Let u(r) be the first derivative of 5*r**4/4 - r**3/3 - r**2 - r - 32. What is u(-1)?
-5
Let g(w) be the third derivative of -w**5/60 + 3*w**4/8 + 13*w**3/6 - 28*w**2. What is g(9)?
13
Let k(c) = -c**3 - 17*c**2 - 17*c - 20. Let m be k(-16). Let h(o) = -o**3 - 4*o**2 - o + 4. Determine h(m).
8
Let l be 36/(-27)*(-6)/4. Let t(w) = -7 + 2*w - 3*w + 6 + 5*w**l + w**3 - 4*w**2. Give t(2).
9
Let n(x) = 7*x**2 - 1. Let z be 1/3 - (-38)/(-6). Let y = 7 + z. Suppose 3*d + 4*m = y - 0, 3*m = 4*d + 7. Calculate n(d).
6
Let j(w) = 6*w**2 + 3*w. Let m = -191 - -189. Calculate j(m).
18
Let b(x) = x**3 + 6*x**2 + 6*x - 4. Suppose -3*k + 4 = k. Let w(p) = -15*p**2 + 2*p - 1. Let n be w(k). Let y be 4/n + (-66)/14. Give b(y).
-9
Let k = 6 + -4. Let q(o) = 0*o - o**2 + o + 2*o**k - 3. Let c(b) = 2*b**2 - 2*b - 1. Let f be c(-1). Give q(f).
9
Let p(w) = w**3 + 5*w**2 + 4. Let d be p(-4). Suppose -4*c = c - d. Suppose -4*z - 20 = c*g, -z = 2*z - 3*g - 9. Let m(r) = 2*r - 1. Give m(z).
-3
Let w(p) = -p**3 - p**2 + p + 1. Let q be -3 - -3*(-8)/(-2). Suppose v = -2, -13 = 3*k - v + q. Let r(f) = f + 6. Let s be r(k). What is w(s)?
3
Let l(q) = q**3 - 3*q**2 - 5*q - 1. Let d be (15 - 8) + (0 - 3). Calculate l(d).
-5
Let t = 25 + -17. Let b(l) = l - 15. Give b(t).
-7
Suppose 0 = -3*n + 16 - 4. Let d(f) = f**3 - 4*f**2 - f + 4. Determine d(n).
0
Suppose 3*h + 6 = -6, 0 = -2*d - 4*h - 14. Let j(y) = 0*y**2 + 4*y - 19*y**2 + 0 - 7. Let l(k) = 13*k**2 - 3*k + 5. Let g(q) = 5*j(q) + 7*l(q). Give g(d).
-5
Let i be (-1 - -1)/(-3 - -1). Let q(h) be the second derivative of 0 - h + h**2 + 1/6*h**3 - 1/12*h**4. Calculate q(i).
2
Let u(i) = -i + 1. Suppose -4*j + 0 - 4 = 0. Let b be u(j). Suppose -2 = b*n - 12. Let m(k) = k**2 - 5*k - 4. Calculate m(n).
-4
Let b(y) = 3*y + 3. Suppose -2*h + 40 = 2*h. Suppose -4*a = -5*g + 8, 5*a + g = 2*g - h. Calculate b(a).
-3
Let t(p) = -3*p**3 - 15*p**2 + 12*p + 22. Let r(h) = h**3 + 5*h**2 - 4*h - 7. Let s(u) = -7*r(u) - 2*t(u). Determine s(-6).
17
Let p = 7 + -4. Suppose p*u - 8 - 1 = 0. Suppose -2*w - 4*v = u*w + 14, 4*v - 28 = 2*w. Let r(o) = -2*o - 6. Give r(w).
6
Let u be (1 - (13 + 0))*(-2)/(-4). Let r(y) = -y**2 - 4*y + 7. Calculate r(u).
-5
Let x = -19 + 21. Let u(p) = p - 2*p + x*p. Determine u(-1).
-1
Suppose -d + 16 + 9 = 0. Suppose -5*w = -10 - d. Let n(x) = 2*x - 6. Determine n(w).
8
Let j(o) = 2*o + 7. Suppose -5*f - 3*m = -2*f, -m = 2*f + 5. Calculate j(f).
-3
Suppose 0 = -3*r - 4 + 16. Let i(z) = -z**3 - z. Let j(f) = 2*f**3 + 3*f**2 + 5*f + 1. Let a(y) = -3*i(y) - j(y). What is a(r)?
7
Let x = -4 + 7. Let d = x + -1. Suppose -6 = -5*a + d*a. Let u(y) = y - 2. Calculate u(a).
0
Suppose -d = -2*d + 2. Suppose d*z + 9 = b, z + 17 = 5*z + 5*b. Let c(j) be the first derivative of -j**3/3 - 5*j**2/2 - 2*j - 11. Give c(z).
4
Let j(s) = 2*s - 2. Let q be j(3). Let v(n) = n**2 - 2*n**2 - 6*n - n**2 - 2*n**2 + n**3 - q. Suppose 20 = 5*t - t. Give v(t).
-9
Let b be (-3)/(-2)*12/9. Suppose -b*n - 10 = 0, -5*n = r + 43 - 16. Let x(l) = -6*l**2 + 3. Let m(w) = -5*w**2 - w + 2. Let a(s) = 3*m(s) - 2*x(s). Give a(r).
-6
Suppose 2*d + 6 = 5*d. Suppose 0 = -0*o + o - 2. Let n(h) = h**2 - 5*h**d + 2 + o*h**2 + 3*h. Calculate n(3).
-7
Let w(n) = -n**2 - 10*n - 7. Let x be w(-6). Suppose -2*z = -0*z + 5*g + 14, -5*g = z + x. Let r(b) = -5*b + z*b - b + 1. Give r(2).
-5
Let c(h) = 3*h - 4. Let f = -6 + 10. Suppose 2*y + 2*y = -4. Let n = y + f. What is c(n)?
5
Let b(t) = 12*t**3 - 3*t**2 - 9*t + 2. Let g(a) = 3*a**3 + 5*a**2 - 3 + 13*a - a**2 - 21*a**3. Let l(x) = 7*b(x) + 5*g(x). Calculate l(1).
-6
Let q = 24 - 22. Let b(k) be the first derivative of -1 + 1/4*k**4 - 4/3*k**3 - 2*k**q - 7*k. Determine b(5).
-2
Let a(i) = 2*i**2 - 4*i**2 + 3*i**2 + 4*i - 4. Calculate a(-6).
8
Let w(y) be the third derivative of -y**7/2520 - y**6/80 - y**5/40 + y**4/24 + y**2. Let i(p) be the second derivative of w(p). Determine i(-4).
17
Let z(t) = t**2 + 5*t - 3. Let h(s) = 3*s + 8. Let w be h(4). Suppose i = -4*i - w. Determine z(i).
-7
Suppose -5*d + 22 + 28 = 0. Let u(j) = j - 7. Calculate u(d).
3
Let p(b) = -6*b**3 + 2*b**2 - 2*b - 1. Let h(t) = -12*t**3 + 5*t**2 - 5*t - 2. Let w(z) = 2*h(z) - 5*p(z). Calculate w(-1).
-5
Let w(j) = -j + 1. Let k(q) = 3*q - 1. Let r(n) = 2*k(n) + 3*w(n). Calculate r(5).
16
Let l(h) = -2*h**3 + h**2. Let d be 12/(-3) + 1*-3. Let z = 7 + d. Let y be (0 - -1)/(-1 + z). Determine l(y).
3
Let d(w) = -w**2 + 1. Let a be d(1). Let t(y) = -5 + 0 + 1 - y + a. Give t(3).
-7
Let j(u) = u**3 - 7*u**2 + 8*u - 10. Let n be j(6). Let o(r) = 0 + 1 - n + 59*r - 56*r. Calculate o(3).
8
Let x = -10 - -22. Let o be ((-6)/4)/(x/(-32)). Let a(v) = v + 3. What is a(o)?
7
Let l(k) = -k - 14. Let r = -10 - -14. Let f(x) = -2*x - 28. Let p(z) = r*f(z) - 7*l(z). Calculate p(0).
-14
Let j(k) = -k - 1. Let g(o) = -3*o + 1. Let f(v) = v**2 - 1. Let y(z) = f(z) - g(z). Let c(a) = -j(a) + y(a). Calculate c(-4).
-1
Let i(c) = -c**2 - c**2 + 1 + 0. Let f(h) = -3*h + 4. Let t be f(2). Calculate i(t).
-7
Let n(c) = c**3 - 5*c**2 - 5*c + 2. Let q be n(6). Let t be (8/4 + 0)*3/2. Let s(i) = i**t - i + q - i**2 - 7 + 4*i**3. Give s(1).
4
Let d(y) = -y**2 + y - 2. Let h be (-12 - -12)*(-2)/4. Calculate d(h).
-2
Let c(i) be the second derivative of i**4/12 - i**2/2 + i. Suppose 5*x = -4*x. Give c(x).
-1
Let c(x) = -3*x + 8*x + 0*x. Calculate c(1).
5
Suppose -232 = -12*i - 148. Let v(k) = -3 + 2*k**2 - 7*k + 0 - k**2. Determine v(i).
-3
Let x(a) = 3*a - 4. Let d = 11 - 14. Calculate x(d).
-13
Let y(f) be the second derivative of -7*f**3/3 + f**2/2 - 4*f. What is y(-1)?
15
Let b(m) = -m**2 - 16*m + 8. Let a be b(-17). Let x(q) = q**3 + 8*q**2 - 8*q + 7. Determine x(a).
-2
Let x = -4 - -12. Suppose -3*s + x = s. Let z(v) = -v**s + 7*v + 2 + 5 - v - v. What is z(6)?
1
Let z(h) = -7*h - 1. Let i(n) = -13*n - 1. Let k(v) = -4*i(v) + 7*z(v). Let j be (-2)/(-6)*(13 + -1). Let d be (-16)/(-6) - j/(-12). Give k(d).
6
Let w = -18 + 15. Let i(u) = u + 2. Let a be i(0). Let h(t) = -1 - a - t**2 + 6 - t. Calculate h(w).
-3
Let v(h) be the third derivative of -h**8/3360 + h**7/1260 + h**6/720 - h**5/120 - h**4/12 - 2*h**2. Let d(u) be the second derivative of v(u). Give d(2).
-7
Suppose -2*k - k - 9 = 0. Let n(z) = 4*z. Let h(u) = 7*u. Let b(i) = -3*h(i) + 5*n(i). What is b(k)?
3
Let h(y) be the first derivative of -y**2 + 12*y - 48. Give h(6).
0
Let u(l) = 9*l**3 + 11*l**2 + 9*l + 3. Let x(q) = 5*q**3 + 6*q**2 + 5*q + 2. Let h(w) = -3*u(w) + 5*x(w). Calculate h(-3).
34
Let t(j) = -j**3 - 5*j**2 + 5. Suppose -5*k - 3*m + 25 = 0, 2*k - 3*m - 10 = -0*m. Suppose -b + 0 = k. What is t(b)?
5
Let s = 7 - 12. Let b = s + 0. Let d(p) = p**3 + 4*p**2 - 7*p - 6. Determine d(b).
4
Let u(s) = -3*s + 6. Let t(y) = y + 1. Let c be t(7). Determine u(c).
-18
Suppose 5*k - 19 = -0*t + 2*t, -3*t = 2*k. Let h(w) = 2*w - 4. Give h(k).
2
Let w(k) be the first derivative of -k**2/2 + 11*k + 7. What is w(9)?
2
Let q(k) = 0*k - 3*k - 4 + 3*k + k. What is q(5)?
1
Let m(r) = 3*r**2 + 1. Let b(z) = -z**3 - 6*z**2 - 6*z - 6. Let h(u) = 17*u - 2. Let x be h(2). Let i be (-1)/(-3) - x/6. Let q be b(i). What is m(q)?
4
Let j(m) = -m + 10. Suppose 3*w + 110 = -2*w. Let c = -49 - w. Let o be (-4)/18 + (-6)/c. Calculate j(o).
10
Let x(y) = -y - 5. Let r(z) = 3. Let h(f) = 2. Let p(j) = 5*h(j) - 3*r(j). Let l(s) = 2*p(s) - x(s). What is l(-6)?
1
Let b(w) = -w + 1. Suppose 8 + 13 = -7*x. What is b(x)?
4
Suppose -2*p - 2*p + 4 = 0. Let a(w) be the second derivative of -5*w**3/6 - 5*w**2/2 + w. Let l(z) = z. Let g(u) = p*a(u) + 4*l(u). Determine g(-4).
-1
Let o(x) be the first derivative of x + 2*x - 2*x - x**2 + 6 - 1. Calculate o(-2).
5
Let c(x) = x**3 - 8*x**2 + 0 + 0 + 2*x**2 - 5. Let y(n) = n**3 - 8*n**2 + 9*n - 9. Let q be y(7). Suppose 3*f = m, -m = m + q*f - 22. Determine c(m).
-5
Let n(x) be the first derivative of x**3/3 - 4*x**2 + 3*